{"id":400,"date":"2015-10-15T13:46:49","date_gmt":"2015-10-15T11:46:49","guid":{"rendered":"http:\/\/www.finchwhisky-hotelkrone.de\/html\/?page_id=400"},"modified":"2025-11-16T16:20:36","modified_gmt":"2025-11-16T15:20:36","slug":"hotel-schwaebische-alb","status":"publish","type":"page","link":"https:\/\/www.krone-nellingen.de\/index.php\/hotel-schwaebische-alb","title":{"rendered":"Hotel"},"content":{"rendered":"\r\n<div class=\"margin-bottom clearfix\">\r\n<div class=\"col4\">\u00a0<\/div>\r\n<div class=\"col8 last\">\r\n<h1>Hotel Krone im Herzen der Schw\u00e4bischen Alb<\/h1>\r\n<p>&nbsp;<\/p>\r\n<p style=\"text-align: left;\">Darf\u2018s ein bisschen \u201eheimelig\u201c sein? Dann sind Sie bei uns goldrichtig! Inmitten der wundersch\u00f6nen Schw\u00e4bischen Alb in Nellingen, finden Sie unser <strong>Hotel Krone<\/strong>. Ob Tagungsgast, Kulturliebhaber, Familie mit Kindern, Gesch\u00e4ftsreisender oder Privatperson genie\u00dfen Sie bei uns herzliche Gastlichkeit und pers\u00f6nlichen Service, verbunden mit dem famili\u00e4ren Charme unseres Hotels.<\/p>\r\n<h2><strong>Verbringen Sie ein paar erholsame Tage in unserem Hotel auf der Schw\u00e4bischen Alb und genie\u00dfen Sie die l\u00e4ndliche Idylle in vollen Z\u00fcgen.<\/strong><\/h2>\r\n<p style=\"text-align: left;\">Wandern, Kultur, Shopping oder Legoland? Sprechen Sie uns an, wir sind Ihnen bei der Freizeitgestaltung gerne behilflich. In und um Nellingen nur 3 km von der Autobahnausfahrt Merklingen entfernt, warten viele Sehensw\u00fcrdigkeiten und andere Attraktionen auf Sie, deren Besuch sich lohnt, wie zum Beispiel: eine F\u00fchrung durch unsere Destillerie, eine Tour durch den Klettergarten in Laichingen (10 km), die Erkundung verschiedener H\u00f6hlen in der N\u00e4he, ein Ausflug ins Legoland G\u00fcnzburg (51 km) und noch vieles mehr.<\/p>\r\n<p style=\"text-align: left;\">Wir haben f\u00fcr Sie individuell eingerichtete Zimmer im Appartementstil. Alle Zimmer verf\u00fcgen \u00fcber Dusche (oder teilweise Badewanne) \/ WC \/ TV und liegen abseits der Stra\u00dfe. Alle Zimmer besitzen Internetzugang. Die G\u00e4steh\u00e4user sind mit einem Lift und rollstuhlgerechten Zimmern ausgestattet.<\/p>\r\n<p style=\"text-align: left;\">Morgens verw\u00f6hnen wir Sie mit einem reichhaltigem Fr\u00fchst\u00fccksb\u00fcfett. Hotel-Parkpl\u00e4tze sind direkt bei den G\u00e4steh\u00e4usern vorhanden. Schicken Sie uns eine Email oder rufen Sie uns an: Gerne geben wir Ihnen detaillierte Ausk\u00fcnfte!<\/p>\r\n<h2 style=\"text-align: left;\"><strong>Zimmerpreisliste:<\/strong><\/h2>\r\n<p style=\"text-align: left;\">Komfortzimmer mit Dusche\/Badewanne, WC, Nichtraucherzimmer, TV, teilweise Balkon\/Terrasse, ruhige Lage und Zimmer mit Lift, Barrierefrei<\/p>\r\n<p style=\"text-align: left;\"><strong>alle Preise inklusive reichhaltigem Fr\u00fchst\u00fccksbuffet<\/strong><\/p>\r\n<p style=\"text-align: left;\">Einzelzimmer <strong>ab 84,00 \u20ac<\/strong><br \/>Doppelzimmer <strong>ab 105,00 \u20ac<\/strong><\/p>\r\n<p style=\"text-align: left;\">Familienzimmer: Zimmerpreise auf Anfrage, wir beraten Sie gerne.<\/p>\r\n<p><strong>Hotel \u00d6ffnungszeiten:<\/strong> ganzj\u00e4hrig ge\u00f6ffnet<\/p>\r\n<p><strong>Check in:<\/strong><br \/>Montag bis Samstag von 16:00 Uhr bis 22:00 Uhr<br \/>Sonntags nach Vereinbarung<\/p>\r\n<p><strong>Check out:<\/strong><br \/>Montag bis Sonntag bis 10.00 Uhr<\/p>\r\n\r\n\r\n<form id=\"hotel-reservation\" action=\"#\" method=\"POST\"><a href=\"\/index.php\/Impressum\">Die Verarbeitung ihrer Daten unterliegt der DSGVO-konformen Datenschutzerkl\u00e4rung.<\/a>\r\n<table class=\"form-table\">\r\n<tbody>\r\n<tr>\r\n<td class=\"form-table-heading\" colspan=\"2\">An- und Abreise<\/td>\r\n<\/tr>\r\n<tr>\r\n<td>Anreisedatum\u00a0*:<\/td>\r\n<td><input id=\"hotel-arrival-day\" name=\"arrival-day\" required=\"\" type=\"text\" \/><\/td>\r\n<\/tr>\r\n<tr>\r\n<td>Abreisedatum\u00a0*:<\/td>\r\n<td><input id=\"hotel-leave-day\" name=\"leave-day\" required=\"\" type=\"text\" \/><\/td>\r\n<\/tr>\r\n<tr>\r\n<td class=\"form-table-heading\" colspan=\"2\">Anzahl Personen<\/td>\r\n<\/tr>\r\n<tr>\r\n<td>Erwachsene\u00a0*:<\/td>\r\n<td><input id=\"hotel-adults\" name=\"hotel-adults\" required=\"\" type=\"text\" \/><span id=\"hotel-adults-error\"><\/span><\/td>\r\n<\/tr>\r\n<tr>\r\n<td>Kinder\u00a0*:<\/td>\r\n<td><input id=\"hotel-children\" name=\"hotel-children\" required=\"\" type=\"text\" \/><span id=\"hotel-children-error\"><\/span><\/td>\r\n<\/tr>\r\n<tr>\r\n<td>Alter der Kinder:<\/td>\r\n<td><input name=\"age-children\" type=\"text\" \/><\/td>\r\n<\/tr>\r\n<tr>\r\n<td colspan=\"2\"><label for=\"room-type-single\"><input id=\"room-type-single\" name=\"room-type\" required=\"\" type=\"radio\" value=\"Einzelzimmer\" \/> Einzelzimmer<\/label> <label id=\"room-type-double-label\" for=\"room-type-double\"><input id=\"room-type-double\" name=\"room-type\" type=\"radio\" value=\"Doppelzimmer\" \/> Doppelzimmer<\/label> <label id=\"room-type-double-label\" for=\"room-type-double\"><input id=\"room-type-double\" name=\"room-type\" type=\"radio\" value=\"Familienzimmer\" \/> Familienzimmer<\/label><\/td>\r\n<\/tr>\r\n<tr>\r\n<td class=\"form-table-heading\" colspan=\"2\">Ihre pers\u00f6nlichen Daten<\/td>\r\n<\/tr>\r\n<tr>\r\n<td>Anrede\u00a0*:<\/td>\r\n<td><select name=\"salutation\" required=\"\">\r\n<option value=\"Herr\">Herr<\/option>\r\n<option value=\"Frau\">Frau<\/option>\r\n<\/select><\/td>\r\n<\/tr>\r\n<tr>\r\n<td>Vorname\u00a0*:<\/td>\r\n<td><input name=\"firstname\" required=\"\" type=\"text\" \/><\/td>\r\n<\/tr>\r\n<tr>\r\n<td>Nachname\u00a0*:<\/td>\r\n<td><input name=\"lastname\" required=\"\" type=\"text\" \/><\/td>\r\n<\/tr>\r\n<tr>\r\n<td>E-Mailadresse\u00a0*:<\/td>\r\n<td><input name=\"email\" required=\"\" type=\"email\" \/><\/td>\r\n<\/tr>\r\n<tr>\r\n<td>Telefon<wbr \/>\/<wbr \/>Mobil\u00a0*:<\/td>\r\n<td><input name=\"phone\" required=\"\" type=\"text\" \/><\/td>\r\n<\/tr>\r\n<tr>\r\n<td>Stra\u00dfe:<\/td>\r\n<td><input name=\"street\" type=\"text\" \/><\/td>\r\n<\/tr>\r\n<tr>\r\n<td>PLZ:<\/td>\r\n<td><input name=\"zip\" type=\"text\" \/><\/td>\r\n<\/tr>\r\n<tr>\r\n<td>Ort:<\/td>\r\n<td><input name=\"city\" type=\"text\" \/><\/td>\r\n<\/tr>\r\n<tr>\r\n<td>Land:<\/td>\r\n<td><input name=\"country\" type=\"text\" \/><\/td>\r\n<\/tr>\r\n<tr>\r\n<td class=\"form-table-heading\" colspan=\"2\">Wie sind Sie auf uns aufmerksam geworden?<\/td>\r\n<\/tr>\r\n<tr>\r\n<td>\u00a0<\/td>\r\n<td><input name=\"found-out\" type=\"text\" \/><\/td>\r\n<\/tr>\r\n<tr>\r\n<td class=\"form-table-heading\" colspan=\"2\">Ihre Nachricht<\/td>\r\n<\/tr>\r\n<tr>\r\n<td class=\"vertical-align-top\">Fragen\/W\u00fcnsche:<\/td>\r\n<td><textarea name=\"message\" rows=\"5\"><\/textarea><\/td>\r\n<\/tr>\r\n<tr>\r\n<td class=\"vertical-align-top\">R\u00fcckmeldung\u00a0*:<\/td>\r\n<td><label class=\"label-block\" for=\"hotel-response-email\"><input id=\"hotel-response-email\" name=\"response\" required=\"\" type=\"radio\" value=\"per E-Mail\" \/> per E-Mail<\/label> <label id=\"hotel-response-phone-label\" class=\"label-block\" for=\"hotel-response-phone\"><input id=\"hotel-response-phone\" name=\"response\" required=\"\" type=\"radio\" value=\"per Telefon\" \/> per Telefon<\/label><\/td>\r\n<\/tr>\r\n<tr>\r\n<td class=\"submit-row\" colspan=\"2\">\r\n<div class=\"hotel-reservation-messages\">\u00a0<\/div>\r\n<p><input class=\"hotel-reservation-submit green-button\" type=\"button\" value=\"Absenden\" \/><\/p>\r\n<\/td>\r\n<\/tr>\r\n<\/tbody>\r\n<\/table>\r\n<\/form><\/div>\r\n<\/div>\r\n","protected":false},"excerpt":{"rendered":"<p>\u00a0 Hotel Krone im Herzen der Schw\u00e4bischen Alb &nbsp; Darf\u2018s ein bisschen \u201eheimelig\u201c sein? Dann sind Sie bei uns goldrichtig! Inmitten der wundersch\u00f6nen Schw\u00e4bischen Alb in Nellingen, finden Sie unser Hotel Krone. Ob Tagungsgast, Kulturliebhaber, Familie mit Kindern, Gesch\u00e4ftsreisender oder Privatperson genie\u00dfen Sie bei uns herzliche Gastlichkeit und pers\u00f6nlichen Service, verbunden mit dem famili\u00e4ren Charme [&hellip;]<\/p>\n","protected":false},"author":1,"featured_media":1375,"parent":0,"menu_order":0,"comment_status":"closed","ping_status":"closed","template":"","meta":{"footnotes":""},"class_list":["post-400","page","type-page","status-publish","has-post-thumbnail","hentry"],"yoast_head":"<!-- This site is optimized with the Yoast SEO plugin v27.5 - https:\/\/yoast.com\/product\/yoast-seo-wordpress\/ -->\n<title>Gastfreundschaft im Hotel Krone Nellingen auf der Schw\u00e4bischen Alb<\/title>\n<meta name=\"description\" content=\"Entdecken Sie das Hotel Krone auf der Schw\u00e4bischen Alb. Famili\u00e4res Landhotel und eine ideale Lage zur Autobahn. Jetzt gleich buchen!\" \/>\n<meta name=\"robots\" content=\"index, follow, max-snippet:-1, max-image-preview:large, max-video-preview:-1\" \/>\n<link rel=\"canonical\" href=\"https:\/\/www.krone-nellingen.de\/index.php\/hotel-schwaebische-alb\" \/>\n<meta property=\"og:locale\" content=\"de_DE\" \/>\n<meta property=\"og:type\" content=\"article\" \/>\n<meta property=\"og:title\" content=\"Gastfreundschaft im Hotel Krone Nellingen auf der Schw\u00e4bischen Alb\" \/>\n<meta property=\"og:description\" content=\"Entdecken Sie das Hotel Krone auf der Schw\u00e4bischen Alb. Famili\u00e4res Landhotel und eine ideale Lage zur Autobahn. Jetzt gleich buchen!\" \/>\n<meta property=\"og:url\" content=\"https:\/\/www.krone-nellingen.de\/index.php\/hotel-schwaebische-alb\" \/>\n<meta property=\"og:site_name\" content=\"Hotel Krone Nellingen\" \/>\n<meta property=\"article:modified_time\" content=\"2025-11-16T15:20:36+00:00\" \/>\n<meta property=\"og:image\" content=\"https:\/\/www.krone-nellingen.de\/wp-content\/uploads\/krone_nellingen_zimmer_neu_gaestehaus_DSC2858_neu.jpg\" \/>\n\t<meta property=\"og:image:width\" content=\"1170\" \/>\n\t<meta property=\"og:image:height\" content=\"510\" \/>\n\t<meta property=\"og:image:type\" content=\"image\/jpeg\" \/>\n<meta name=\"twitter:card\" content=\"summary_large_image\" \/>\n<meta name=\"twitter:label1\" content=\"Gesch\u00e4tzte Lesezeit\" \/>\n\t<meta name=\"twitter:data1\" content=\"3\u00a0Minuten\" \/>\n<script type=\"application\/ld+json\" class=\"yoast-schema-graph\">{\"@context\":\"https:\\\/\\\/schema.org\",\"@graph\":[{\"@type\":\"WebPage\",\"@id\":\"https:\\\/\\\/www.krone-nellingen.de\\\/index.php\\\/hotel-schwaebische-alb\",\"url\":\"https:\\\/\\\/www.krone-nellingen.de\\\/index.php\\\/hotel-schwaebische-alb\",\"name\":\"Gastfreundschaft im Hotel Krone Nellingen auf der Schw\u00e4bischen Alb\",\"isPartOf\":{\"@id\":\"https:\\\/\\\/www.krone-nellingen.de\\\/?lang=en\\\/#website\"},\"primaryImageOfPage\":{\"@id\":\"https:\\\/\\\/www.krone-nellingen.de\\\/index.php\\\/hotel-schwaebische-alb#primaryimage\"},\"image\":{\"@id\":\"https:\\\/\\\/www.krone-nellingen.de\\\/index.php\\\/hotel-schwaebische-alb#primaryimage\"},\"thumbnailUrl\":\"https:\\\/\\\/www.krone-nellingen.de\\\/wp-content\\\/uploads\\\/krone_nellingen_zimmer_neu_gaestehaus_DSC2858_neu.jpg\",\"datePublished\":\"2015-10-15T11:46:49+00:00\",\"dateModified\":\"2025-11-16T15:20:36+00:00\",\"description\":\"Entdecken Sie das Hotel Krone auf der Schw\u00e4bischen Alb. Famili\u00e4res Landhotel und eine ideale Lage zur Autobahn. Jetzt gleich buchen!\",\"breadcrumb\":{\"@id\":\"https:\\\/\\\/www.krone-nellingen.de\\\/index.php\\\/hotel-schwaebische-alb#breadcrumb\"},\"inLanguage\":\"de\",\"potentialAction\":[{\"@type\":\"ReadAction\",\"target\":[\"https:\\\/\\\/www.krone-nellingen.de\\\/index.php\\\/hotel-schwaebische-alb\"]}]},{\"@type\":\"ImageObject\",\"inLanguage\":\"de\",\"@id\":\"https:\\\/\\\/www.krone-nellingen.de\\\/index.php\\\/hotel-schwaebische-alb#primaryimage\",\"url\":\"https:\\\/\\\/www.krone-nellingen.de\\\/wp-content\\\/uploads\\\/krone_nellingen_zimmer_neu_gaestehaus_DSC2858_neu.jpg\",\"contentUrl\":\"https:\\\/\\\/www.krone-nellingen.de\\\/wp-content\\\/uploads\\\/krone_nellingen_zimmer_neu_gaestehaus_DSC2858_neu.jpg\",\"width\":1170,\"height\":510,\"caption\":\"Hotelzimmer Hotel Krone auf der Schw\u00e4bischen Alb\"},{\"@type\":\"BreadcrumbList\",\"@id\":\"https:\\\/\\\/www.krone-nellingen.de\\\/index.php\\\/hotel-schwaebische-alb#breadcrumb\",\"itemListElement\":[{\"@type\":\"ListItem\",\"position\":1,\"name\":\"Startseite\",\"item\":\"https:\\\/\\\/www.krone-nellingen.de\\\/\"},{\"@type\":\"ListItem\",\"position\":2,\"name\":\"Hotel\"}]},{\"@type\":\"WebSite\",\"@id\":\"https:\\\/\\\/www.krone-nellingen.de\\\/?lang=en\\\/#website\",\"url\":\"https:\\\/\\\/www.krone-nellingen.de\\\/?lang=en\\\/\",\"name\":\"Hotel Krone Nellingen\",\"description\":\"Hotel Krone\",\"publisher\":{\"@id\":\"https:\\\/\\\/www.krone-nellingen.de\\\/?lang=en\\\/#organization\"},\"potentialAction\":[{\"@type\":\"SearchAction\",\"target\":{\"@type\":\"EntryPoint\",\"urlTemplate\":\"https:\\\/\\\/www.krone-nellingen.de\\\/?lang=en\\\/?s={search_term_string}\"},\"query-input\":{\"@type\":\"PropertyValueSpecification\",\"valueRequired\":true,\"valueName\":\"search_term_string\"}}],\"inLanguage\":\"de\"},{\"@type\":\"Organization\",\"@id\":\"https:\\\/\\\/www.krone-nellingen.de\\\/?lang=en\\\/#organization\",\"name\":\"Hotel Krone\",\"url\":\"https:\\\/\\\/www.krone-nellingen.de\\\/?lang=en\\\/\",\"logo\":{\"@type\":\"ImageObject\",\"inLanguage\":\"de\",\"@id\":\"https:\\\/\\\/www.krone-nellingen.de\\\/?lang=en\\\/#\\\/schema\\\/logo\\\/image\\\/\",\"url\":\"https:\\\/\\\/www.krone-nellingen.de\\\/wp-content\\\/uploads\\\/logo-hotel-krone-neu.png\",\"contentUrl\":\"https:\\\/\\\/www.krone-nellingen.de\\\/wp-content\\\/uploads\\\/logo-hotel-krone-neu.png\",\"width\":585,\"height\":416,\"caption\":\"Hotel Krone\"},\"image\":{\"@id\":\"https:\\\/\\\/www.krone-nellingen.de\\\/?lang=en\\\/#\\\/schema\\\/logo\\\/image\\\/\"}}]}<\/script>\n<!-- \/ Yoast SEO plugin. -->","yoast_head_json":{"title":"Gastfreundschaft im Hotel Krone Nellingen auf der Schw\u00e4bischen Alb","description":"Entdecken Sie das Hotel Krone auf der Schw\u00e4bischen Alb. Famili\u00e4res Landhotel und eine ideale Lage zur Autobahn. Jetzt gleich buchen!","robots":{"index":"index","follow":"follow","max-snippet":"max-snippet:-1","max-image-preview":"max-image-preview:large","max-video-preview":"max-video-preview:-1"},"canonical":"https:\/\/www.krone-nellingen.de\/index.php\/hotel-schwaebische-alb","og_locale":"de_DE","og_type":"article","og_title":"Gastfreundschaft im Hotel Krone Nellingen auf der Schw\u00e4bischen Alb","og_description":"Entdecken Sie das Hotel Krone auf der Schw\u00e4bischen Alb. Famili\u00e4res Landhotel und eine ideale Lage zur Autobahn. Jetzt gleich buchen!","og_url":"https:\/\/www.krone-nellingen.de\/index.php\/hotel-schwaebische-alb","og_site_name":"Hotel Krone Nellingen","article_modified_time":"2025-11-16T15:20:36+00:00","og_image":[{"width":1170,"height":510,"url":"https:\/\/www.krone-nellingen.de\/wp-content\/uploads\/krone_nellingen_zimmer_neu_gaestehaus_DSC2858_neu.jpg","type":"image\/jpeg"}],"twitter_card":"summary_large_image","twitter_misc":{"Gesch\u00e4tzte Lesezeit":"3\u00a0Minuten"},"schema":{"@context":"https:\/\/schema.org","@graph":[{"@type":"WebPage","@id":"https:\/\/www.krone-nellingen.de\/index.php\/hotel-schwaebische-alb","url":"https:\/\/www.krone-nellingen.de\/index.php\/hotel-schwaebische-alb","name":"Gastfreundschaft im Hotel Krone Nellingen auf der Schw\u00e4bischen Alb","isPartOf":{"@id":"https:\/\/www.krone-nellingen.de\/?lang=en\/#website"},"primaryImageOfPage":{"@id":"https:\/\/www.krone-nellingen.de\/index.php\/hotel-schwaebische-alb#primaryimage"},"image":{"@id":"https:\/\/www.krone-nellingen.de\/index.php\/hotel-schwaebische-alb#primaryimage"},"thumbnailUrl":"https:\/\/www.krone-nellingen.de\/wp-content\/uploads\/krone_nellingen_zimmer_neu_gaestehaus_DSC2858_neu.jpg","datePublished":"2015-10-15T11:46:49+00:00","dateModified":"2025-11-16T15:20:36+00:00","description":"Entdecken Sie das Hotel Krone auf der Schw\u00e4bischen Alb. Famili\u00e4res Landhotel und eine ideale Lage zur Autobahn. Jetzt gleich buchen!","breadcrumb":{"@id":"https:\/\/www.krone-nellingen.de\/index.php\/hotel-schwaebische-alb#breadcrumb"},"inLanguage":"de","potentialAction":[{"@type":"ReadAction","target":["https:\/\/www.krone-nellingen.de\/index.php\/hotel-schwaebische-alb"]}]},{"@type":"ImageObject","inLanguage":"de","@id":"https:\/\/www.krone-nellingen.de\/index.php\/hotel-schwaebische-alb#primaryimage","url":"https:\/\/www.krone-nellingen.de\/wp-content\/uploads\/krone_nellingen_zimmer_neu_gaestehaus_DSC2858_neu.jpg","contentUrl":"https:\/\/www.krone-nellingen.de\/wp-content\/uploads\/krone_nellingen_zimmer_neu_gaestehaus_DSC2858_neu.jpg","width":1170,"height":510,"caption":"Hotelzimmer Hotel Krone auf der Schw\u00e4bischen Alb"},{"@type":"BreadcrumbList","@id":"https:\/\/www.krone-nellingen.de\/index.php\/hotel-schwaebische-alb#breadcrumb","itemListElement":[{"@type":"ListItem","position":1,"name":"Startseite","item":"https:\/\/www.krone-nellingen.de\/"},{"@type":"ListItem","position":2,"name":"Hotel"}]},{"@type":"WebSite","@id":"https:\/\/www.krone-nellingen.de\/?lang=en\/#website","url":"https:\/\/www.krone-nellingen.de\/?lang=en\/","name":"Hotel Krone Nellingen","description":"Hotel Krone","publisher":{"@id":"https:\/\/www.krone-nellingen.de\/?lang=en\/#organization"},"potentialAction":[{"@type":"SearchAction","target":{"@type":"EntryPoint","urlTemplate":"https:\/\/www.krone-nellingen.de\/?lang=en\/?s={search_term_string}"},"query-input":{"@type":"PropertyValueSpecification","valueRequired":true,"valueName":"search_term_string"}}],"inLanguage":"de"},{"@type":"Organization","@id":"https:\/\/www.krone-nellingen.de\/?lang=en\/#organization","name":"Hotel Krone","url":"https:\/\/www.krone-nellingen.de\/?lang=en\/","logo":{"@type":"ImageObject","inLanguage":"de","@id":"https:\/\/www.krone-nellingen.de\/?lang=en\/#\/schema\/logo\/image\/","url":"https:\/\/www.krone-nellingen.de\/wp-content\/uploads\/logo-hotel-krone-neu.png","contentUrl":"https:\/\/www.krone-nellingen.de\/wp-content\/uploads\/logo-hotel-krone-neu.png","width":585,"height":416,"caption":"Hotel Krone"},"image":{"@id":"https:\/\/www.krone-nellingen.de\/?lang=en\/#\/schema\/logo\/image\/"}}]}},"_links":{"self":[{"href":"https:\/\/www.krone-nellingen.de\/index.php\/wp-json\/wp\/v2\/pages\/400","targetHints":{"allow":["GET"]}}],"collection":[{"href":"https:\/\/www.krone-nellingen.de\/index.php\/wp-json\/wp\/v2\/pages"}],"about":[{"href":"https:\/\/www.krone-nellingen.de\/index.php\/wp-json\/wp\/v2\/types\/page"}],"author":[{"embeddable":true,"href":"https:\/\/www.krone-nellingen.de\/index.php\/wp-json\/wp\/v2\/users\/1"}],"replies":[{"embeddable":true,"href":"https:\/\/www.krone-nellingen.de\/index.php\/wp-json\/wp\/v2\/comments?post=400"}],"version-history":[{"count":70,"href":"https:\/\/www.krone-nellingen.de\/index.php\/wp-json\/wp\/v2\/pages\/400\/revisions"}],"predecessor-version":[{"id":2181,"href":"https:\/\/www.krone-nellingen.de\/index.php\/wp-json\/wp\/v2\/pages\/400\/revisions\/2181"}],"wp:featuredmedia":[{"embeddable":true,"href":"https:\/\/www.krone-nellingen.de\/index.php\/wp-json\/wp\/v2\/media\/1375"}],"wp:attachment":[{"href":"https:\/\/www.krone-nellingen.de\/index.php\/wp-json\/wp\/v2\/media?parent=400"}],"curies":[{"name":"wp","href":"https:\/\/api.w.org\/{rel}","templated":true}]}}