{"id":425,"date":"2015-10-15T13:53:33","date_gmt":"2015-10-15T11:53:33","guid":{"rendered":"http:\/\/www.finchwhisky-hotelkrone.de\/html\/?page_id=425"},"modified":"2024-11-09T17:20:52","modified_gmt":"2024-11-09T16:20:52","slug":"tagung","status":"publish","type":"page","link":"https:\/\/www.krone-nellingen.de\/index.php\/tagung","title":{"rendered":"Tagung"},"content":{"rendered":"<div class=\"margin-bottom clearfix\">\n<div class=\"col4\">&nbsp;<\/div>\n<div class=\"col8 last\">\n<p>Wir bieten Ihnen das Ambiente, in dem Sie sich wohlf\u00fchlen und konzentriert arbeiten k\u00f6nnen. Unsere stilvoll eingerichteten, hellen R\u00e4ume sind mit professioneller Konferenztechnik ausgestattet und bieten den richtigen Rahmen f\u00fcr Ihre Seminare und Tagungen. F\u00fcr Sie sorgen wir ganz individuell mit besonderen Anregungen und Ideen f\u00fcr ein gutes Gelingen Ihres Events.<br \/>\nUnser Hotel ist nahe zur Autobahn A8 Ausfahrt Merklingen zwischen Ulm und Stuttgart gelegen.<\/p>\n<p>Hier ein Vorschlag, wie Ihre Tagungspauschale aussehen k\u00f6nnte:<\/p>\n<p><strong>Konferenzpauschale<\/strong><br \/>\nKaffeepause vormittags mit Kaffee, Tee und Pausensnack<br \/>\nMittagessen (2-Gang-Men\u00fc)<br \/>\nKaffeepause nachmittags mit Kaffee, Tee und Geb\u00e4ck<br \/>\nTagungsraum mit Technik<br \/>\nTagungsgetr\u00e4nke unlimitiert<\/p>\n<p>Preis auf Anfrage.<\/p>\n<p><strong>F\u00fcr die Ausarbeitung individueller Angebote und Arrangements stehen wir Ihnen gerne unter der Telefon-Nr. 07337-96960 oder <a href=\"mailto:info@krone-nellingen.de\">info@krone-nellingen.de<\/a> pers\u00f6nlich zur Verf\u00fcgung. Wir freuen uns auf Ihre Anfrage!<\/strong><\/p>\n<p>Sie m\u00f6chten nach der Arbeit noch etwas unternehmen? Sprechen Sie uns an, wir sind Ihnen bei der Freizeitgestaltung gerne behilflich. In und um Nellingen warten viele Attraktionen auf Sie, deren Besuch sich lohnt, wie zum Beispiel:<br \/>\neine F\u00fchrung durch unsere Destillerie, eine Tour durch den Klettergarten in Laichingen (10 km), die Erkundung verschiedener H\u00f6hlen in der N\u00e4he.<\/p>\n<\/div>\n<\/div>\n","protected":false},"excerpt":{"rendered":"<p>&nbsp; Wir bieten Ihnen das Ambiente, in dem Sie sich wohlf\u00fchlen und konzentriert arbeiten k\u00f6nnen. Unsere stilvoll eingerichteten, hellen R\u00e4ume sind mit professioneller Konferenztechnik ausgestattet und bieten den richtigen Rahmen f\u00fcr Ihre Seminare und Tagungen. F\u00fcr Sie sorgen wir ganz individuell mit besonderen Anregungen und Ideen f\u00fcr ein gutes Gelingen Ihres Events. Unser Hotel ist [&hellip;]<\/p>\n","protected":false},"author":1,"featured_media":0,"parent":0,"menu_order":0,"comment_status":"closed","ping_status":"closed","template":"","meta":{"footnotes":""},"class_list":["post-425","page","type-page","status-publish","hentry"],"yoast_head":"<!-- This site is optimized with the Yoast SEO plugin v27.5 - https:\/\/yoast.com\/product\/yoast-seo-wordpress\/ -->\n<title>Tagungshotel und Events auf der Schw\u00e4bischen Alb.<\/title>\n<meta name=\"description\" content=\"Entdecken Sie ideale R\u00e4umlichkeiten f\u00fcr Ihre Tagung oder Ihr Seminar im Hotel Krone. Wir bieten Whisky- und BBQ-Events, erstklassigen Service und eine einladende Atmosph\u00e4re in der N\u00e4he von Stuttgart und Ulm.\" \/>\n<meta name=\"robots\" content=\"index, follow, max-snippet:-1, max-image-preview:large, max-video-preview:-1\" \/>\n<link rel=\"canonical\" href=\"https:\/\/www.krone-nellingen.de\/index.php\/tagung\" \/>\n<meta property=\"og:locale\" content=\"de_DE\" \/>\n<meta property=\"og:type\" content=\"article\" \/>\n<meta property=\"og:title\" content=\"Tagungshotel und Events auf der Schw\u00e4bischen Alb.\" \/>\n<meta property=\"og:description\" content=\"Entdecken Sie ideale R\u00e4umlichkeiten f\u00fcr Ihre Tagung oder Ihr Seminar im Hotel Krone. Wir bieten Whisky- und BBQ-Events, erstklassigen Service und eine einladende Atmosph\u00e4re in der N\u00e4he von Stuttgart und Ulm.\" \/>\n<meta property=\"og:url\" content=\"https:\/\/www.krone-nellingen.de\/index.php\/tagung\" \/>\n<meta property=\"og:site_name\" content=\"Hotel Krone Nellingen\" \/>\n<meta property=\"article:modified_time\" content=\"2024-11-09T16:20:52+00:00\" \/>\n<meta name=\"twitter:card\" content=\"summary_large_image\" \/>\n<meta name=\"twitter:label1\" content=\"Gesch\u00e4tzte Lesezeit\" \/>\n\t<meta name=\"twitter:data1\" content=\"2\u00a0Minuten\" \/>\n<script type=\"application\/ld+json\" class=\"yoast-schema-graph\">{\"@context\":\"https:\\\/\\\/schema.org\",\"@graph\":[{\"@type\":\"WebPage\",\"@id\":\"https:\\\/\\\/www.krone-nellingen.de\\\/index.php\\\/tagung\",\"url\":\"https:\\\/\\\/www.krone-nellingen.de\\\/index.php\\\/tagung\",\"name\":\"Tagungshotel und Events auf der Schw\u00e4bischen Alb.\",\"isPartOf\":{\"@id\":\"https:\\\/\\\/www.krone-nellingen.de\\\/?lang=en\\\/#website\"},\"datePublished\":\"2015-10-15T11:53:33+00:00\",\"dateModified\":\"2024-11-09T16:20:52+00:00\",\"description\":\"Entdecken Sie ideale R\u00e4umlichkeiten f\u00fcr Ihre Tagung oder Ihr Seminar im Hotel Krone. Wir bieten Whisky- und BBQ-Events, erstklassigen Service und eine einladende Atmosph\u00e4re in der N\u00e4he von Stuttgart und Ulm.\",\"breadcrumb\":{\"@id\":\"https:\\\/\\\/www.krone-nellingen.de\\\/index.php\\\/tagung#breadcrumb\"},\"inLanguage\":\"de\",\"potentialAction\":[{\"@type\":\"ReadAction\",\"target\":[\"https:\\\/\\\/www.krone-nellingen.de\\\/index.php\\\/tagung\"]}]},{\"@type\":\"BreadcrumbList\",\"@id\":\"https:\\\/\\\/www.krone-nellingen.de\\\/index.php\\\/tagung#breadcrumb\",\"itemListElement\":[{\"@type\":\"ListItem\",\"position\":1,\"name\":\"Startseite\",\"item\":\"https:\\\/\\\/www.krone-nellingen.de\\\/\"},{\"@type\":\"ListItem\",\"position\":2,\"name\":\"Tagung\"}]},{\"@type\":\"WebSite\",\"@id\":\"https:\\\/\\\/www.krone-nellingen.de\\\/?lang=en\\\/#website\",\"url\":\"https:\\\/\\\/www.krone-nellingen.de\\\/?lang=en\\\/\",\"name\":\"Hotel Krone Nellingen\",\"description\":\"Hotel Krone\",\"publisher\":{\"@id\":\"https:\\\/\\\/www.krone-nellingen.de\\\/?lang=en\\\/#organization\"},\"potentialAction\":[{\"@type\":\"SearchAction\",\"target\":{\"@type\":\"EntryPoint\",\"urlTemplate\":\"https:\\\/\\\/www.krone-nellingen.de\\\/?lang=en\\\/?s={search_term_string}\"},\"query-input\":{\"@type\":\"PropertyValueSpecification\",\"valueRequired\":true,\"valueName\":\"search_term_string\"}}],\"inLanguage\":\"de\"},{\"@type\":\"Organization\",\"@id\":\"https:\\\/\\\/www.krone-nellingen.de\\\/?lang=en\\\/#organization\",\"name\":\"Hotel Krone\",\"url\":\"https:\\\/\\\/www.krone-nellingen.de\\\/?lang=en\\\/\",\"logo\":{\"@type\":\"ImageObject\",\"inLanguage\":\"de\",\"@id\":\"https:\\\/\\\/www.krone-nellingen.de\\\/?lang=en\\\/#\\\/schema\\\/logo\\\/image\\\/\",\"url\":\"https:\\\/\\\/www.krone-nellingen.de\\\/wp-content\\\/uploads\\\/logo-hotel-krone-neu.png\",\"contentUrl\":\"https:\\\/\\\/www.krone-nellingen.de\\\/wp-content\\\/uploads\\\/logo-hotel-krone-neu.png\",\"width\":585,\"height\":416,\"caption\":\"Hotel Krone\"},\"image\":{\"@id\":\"https:\\\/\\\/www.krone-nellingen.de\\\/?lang=en\\\/#\\\/schema\\\/logo\\\/image\\\/\"}}]}<\/script>\n<!-- \/ Yoast SEO plugin. -->","yoast_head_json":{"title":"Tagungshotel und Events auf der Schw\u00e4bischen Alb.","description":"Entdecken Sie ideale R\u00e4umlichkeiten f\u00fcr Ihre Tagung oder Ihr Seminar im Hotel Krone. Wir bieten Whisky- und BBQ-Events, erstklassigen Service und eine einladende Atmosph\u00e4re in der N\u00e4he von Stuttgart und Ulm.","robots":{"index":"index","follow":"follow","max-snippet":"max-snippet:-1","max-image-preview":"max-image-preview:large","max-video-preview":"max-video-preview:-1"},"canonical":"https:\/\/www.krone-nellingen.de\/index.php\/tagung","og_locale":"de_DE","og_type":"article","og_title":"Tagungshotel und Events auf der Schw\u00e4bischen Alb.","og_description":"Entdecken Sie ideale R\u00e4umlichkeiten f\u00fcr Ihre Tagung oder Ihr Seminar im Hotel Krone. Wir bieten Whisky- und BBQ-Events, erstklassigen Service und eine einladende Atmosph\u00e4re in der N\u00e4he von Stuttgart und Ulm.","og_url":"https:\/\/www.krone-nellingen.de\/index.php\/tagung","og_site_name":"Hotel Krone Nellingen","article_modified_time":"2024-11-09T16:20:52+00:00","twitter_card":"summary_large_image","twitter_misc":{"Gesch\u00e4tzte Lesezeit":"2\u00a0Minuten"},"schema":{"@context":"https:\/\/schema.org","@graph":[{"@type":"WebPage","@id":"https:\/\/www.krone-nellingen.de\/index.php\/tagung","url":"https:\/\/www.krone-nellingen.de\/index.php\/tagung","name":"Tagungshotel und Events auf der Schw\u00e4bischen Alb.","isPartOf":{"@id":"https:\/\/www.krone-nellingen.de\/?lang=en\/#website"},"datePublished":"2015-10-15T11:53:33+00:00","dateModified":"2024-11-09T16:20:52+00:00","description":"Entdecken Sie ideale R\u00e4umlichkeiten f\u00fcr Ihre Tagung oder Ihr Seminar im Hotel Krone. Wir bieten Whisky- und BBQ-Events, erstklassigen Service und eine einladende Atmosph\u00e4re in der N\u00e4he von Stuttgart und Ulm.","breadcrumb":{"@id":"https:\/\/www.krone-nellingen.de\/index.php\/tagung#breadcrumb"},"inLanguage":"de","potentialAction":[{"@type":"ReadAction","target":["https:\/\/www.krone-nellingen.de\/index.php\/tagung"]}]},{"@type":"BreadcrumbList","@id":"https:\/\/www.krone-nellingen.de\/index.php\/tagung#breadcrumb","itemListElement":[{"@type":"ListItem","position":1,"name":"Startseite","item":"https:\/\/www.krone-nellingen.de\/"},{"@type":"ListItem","position":2,"name":"Tagung"}]},{"@type":"WebSite","@id":"https:\/\/www.krone-nellingen.de\/?lang=en\/#website","url":"https:\/\/www.krone-nellingen.de\/?lang=en\/","name":"Hotel Krone Nellingen","description":"Hotel Krone","publisher":{"@id":"https:\/\/www.krone-nellingen.de\/?lang=en\/#organization"},"potentialAction":[{"@type":"SearchAction","target":{"@type":"EntryPoint","urlTemplate":"https:\/\/www.krone-nellingen.de\/?lang=en\/?s={search_term_string}"},"query-input":{"@type":"PropertyValueSpecification","valueRequired":true,"valueName":"search_term_string"}}],"inLanguage":"de"},{"@type":"Organization","@id":"https:\/\/www.krone-nellingen.de\/?lang=en\/#organization","name":"Hotel Krone","url":"https:\/\/www.krone-nellingen.de\/?lang=en\/","logo":{"@type":"ImageObject","inLanguage":"de","@id":"https:\/\/www.krone-nellingen.de\/?lang=en\/#\/schema\/logo\/image\/","url":"https:\/\/www.krone-nellingen.de\/wp-content\/uploads\/logo-hotel-krone-neu.png","contentUrl":"https:\/\/www.krone-nellingen.de\/wp-content\/uploads\/logo-hotel-krone-neu.png","width":585,"height":416,"caption":"Hotel Krone"},"image":{"@id":"https:\/\/www.krone-nellingen.de\/?lang=en\/#\/schema\/logo\/image\/"}}]}},"_links":{"self":[{"href":"https:\/\/www.krone-nellingen.de\/index.php\/wp-json\/wp\/v2\/pages\/425","targetHints":{"allow":["GET"]}}],"collection":[{"href":"https:\/\/www.krone-nellingen.de\/index.php\/wp-json\/wp\/v2\/pages"}],"about":[{"href":"https:\/\/www.krone-nellingen.de\/index.php\/wp-json\/wp\/v2\/types\/page"}],"author":[{"embeddable":true,"href":"https:\/\/www.krone-nellingen.de\/index.php\/wp-json\/wp\/v2\/users\/1"}],"replies":[{"embeddable":true,"href":"https:\/\/www.krone-nellingen.de\/index.php\/wp-json\/wp\/v2\/comments?post=425"}],"version-history":[{"count":12,"href":"https:\/\/www.krone-nellingen.de\/index.php\/wp-json\/wp\/v2\/pages\/425\/revisions"}],"predecessor-version":[{"id":1446,"href":"https:\/\/www.krone-nellingen.de\/index.php\/wp-json\/wp\/v2\/pages\/425\/revisions\/1446"}],"wp:attachment":[{"href":"https:\/\/www.krone-nellingen.de\/index.php\/wp-json\/wp\/v2\/media?parent=425"}],"curies":[{"name":"wp","href":"https:\/\/api.w.org\/{rel}","templated":true}]}}