{"id":430,"date":"2015-10-15T13:54:27","date_gmt":"2015-10-15T11:54:27","guid":{"rendered":"http:\/\/www.finchwhisky-hotelkrone.de\/html\/?page_id=430"},"modified":"2025-11-25T18:31:54","modified_gmt":"2025-11-25T17:31:54","slug":"whisky-tastings-in-nellingen","status":"publish","type":"page","link":"https:\/\/www.krone-nellingen.de\/index.php\/whisky-tastings-in-nellingen","title":{"rendered":"Tastings"},"content":{"rendered":"<div class=\"margin-bottom clearfix\">\n<div class=\"clearfix\">\n<div class=\"col4\"><img loading=\"lazy\" decoding=\"async\" class=\"alignnone wp-image-132\" src=\"\/wp-content\/uploads\/2015\/09\/klinker_tasting1.jpg\" alt=\"Tastings\" width=\"395\" height=\"222\" \/><\/div>\n<div class=\"col8 last\">\n<p><strong>Whiskytasting \u2013 probieren geht \u00fcber studieren.<\/strong><br \/>\nBei unseren beliebten Whisky-Tastings lernen Sie verschiedene Whiskysorten kennen und erleben in entspannter Atmosph\u00e4re, wie hervorragend diese auch mit einem leckeren Essen harmonieren. Wir nehmen Sie mit auf eine Sinnesreise, von der Sie noch lange schw\u00e4rmen werden. Ein feines abgeschmecktes Tasting Men\u00fc wird perfekt erg\u00e4nzt von ausgew\u00e4hlten Whiskys. Wir begleiten Sie charmant durch den Abend und servieren Ihnen neben Speis und Trank viel Wissenswertes rund um die Welt des Whiskys und auch die ein oder andere unterhaltsame Anekdote zum Thema. Freuen Sie sich auf einen entspannten Abend in netter Runde. Wer nach dem Tasting keinen Ersatzfahrer hat und deshalb das Auto lieber stehen lassen m\u00f6chte, bucht am besten gleich eine \u00dcbernachtung in einem unserer G\u00e4stezimmer mit.<\/p>\n<p>Wir servieren Ihnen ein kreatives Tasting Men\u00fc mit sorgf\u00e4ltig darauf abgestimmten internationalen Whiskys und finch Whisky, vielen spannenden Informationen und unterhaltsamen Anekdoten rund um das Thema Whisky.<\/p>\n<p>Um Anmeldung wird gebeten.<\/p>\n<p><strong>Die n\u00e4chsten Whisky-Tasting Termine (99,00\u20ac p. P.):<\/strong><\/p>\n<ul>\n<li>Freitag, 16.01.2026 um 19.00 Uhr &#8211; 4-Gang Men\u00fc mit 5 Whiskys (ausgebucht)<\/li>\n<li>Samstag, 17.01.2026 um 19.00 Uhr &#8211; 4-Gang Men\u00fc mit 5 Whiskys (ausgebucht)<\/li>\n<li>Samstag, 14.03.2026 um 19.00 Uhr &#8211; 4-Gang Men\u00fc mit 5 Whiskys<\/li>\n<\/ul>\n<p>&nbsp;<\/p>\n<p><a href=\"\/index.php\/kontakt\">Melden Sie sich jetzt gleich an!<\/a><\/p>\n<\/div>\n<\/div>\n<\/div>\n","protected":false},"excerpt":{"rendered":"<p>Whiskytasting \u2013 probieren geht \u00fcber studieren. Bei unseren beliebten Whisky-Tastings lernen Sie verschiedene Whiskysorten kennen und erleben in entspannter Atmosph\u00e4re, wie hervorragend diese auch mit einem leckeren Essen harmonieren. Wir nehmen Sie mit auf eine Sinnesreise, von der Sie noch lange schw\u00e4rmen werden. Ein feines abgeschmecktes Tasting Men\u00fc wird perfekt erg\u00e4nzt von ausgew\u00e4hlten Whiskys. Wir [&hellip;]<\/p>\n","protected":false},"author":1,"featured_media":116,"parent":0,"menu_order":0,"comment_status":"closed","ping_status":"closed","template":"","meta":{"footnotes":""},"class_list":["post-430","page","type-page","status-publish","has-post-thumbnail","hentry"],"yoast_head":"<!-- This site is optimized with the Yoast SEO plugin v27.3 - https:\/\/yoast.com\/product\/yoast-seo-wordpress\/ -->\n<title>Whisky Tastings Nellingen bei Ulm - Erleben Sie edle Spirituosen<\/title>\n<meta name=\"description\" content=\"Erleben Sie unvergessliche Whisky Tastings im Hotel Krone in Nellingen auf der Schw\u00e4bischen Alb. Entdecken Sie die Welt des Whiskys.\" \/>\n<meta name=\"robots\" content=\"index, follow, max-snippet:-1, max-image-preview:large, max-video-preview:-1\" \/>\n<link rel=\"canonical\" href=\"https:\/\/www.krone-nellingen.de\/index.php\/whisky-tastings-in-nellingen\" \/>\n<meta property=\"og:locale\" content=\"de_DE\" \/>\n<meta property=\"og:type\" content=\"article\" \/>\n<meta property=\"og:title\" content=\"Whisky Tastings Nellingen bei Ulm - Erleben Sie edle Spirituosen\" \/>\n<meta property=\"og:description\" content=\"Erleben Sie unvergessliche Whisky Tastings im Hotel Krone in Nellingen auf der Schw\u00e4bischen Alb. Entdecken Sie die Welt des Whiskys.\" \/>\n<meta property=\"og:url\" content=\"https:\/\/www.krone-nellingen.de\/index.php\/whisky-tastings-in-nellingen\" \/>\n<meta property=\"og:site_name\" content=\"Hotel Krone Nellingen\" \/>\n<meta property=\"article:modified_time\" content=\"2025-11-25T17:31:54+00:00\" \/>\n<meta property=\"og:image\" content=\"https:\/\/www.krone-nellingen.de\/wp-content\/uploads\/2015\/09\/klinker_aktuell4.jpg\" \/>\n\t<meta property=\"og:image:width\" content=\"960\" \/>\n\t<meta property=\"og:image:height\" content=\"540\" \/>\n\t<meta property=\"og:image:type\" content=\"image\/jpeg\" \/>\n<meta name=\"twitter:card\" content=\"summary_large_image\" \/>\n<meta name=\"twitter:label1\" content=\"Gesch\u00e4tzte Lesezeit\" \/>\n\t<meta name=\"twitter:data1\" content=\"2\u00a0Minuten\" \/>\n<script type=\"application\/ld+json\" class=\"yoast-schema-graph\">{\"@context\":\"https:\\\/\\\/schema.org\",\"@graph\":[{\"@type\":\"WebPage\",\"@id\":\"https:\\\/\\\/www.krone-nellingen.de\\\/index.php\\\/whisky-tastings-in-nellingen\",\"url\":\"https:\\\/\\\/www.krone-nellingen.de\\\/index.php\\\/whisky-tastings-in-nellingen\",\"name\":\"Whisky Tastings Nellingen bei Ulm - Erleben Sie edle Spirituosen\",\"isPartOf\":{\"@id\":\"https:\\\/\\\/www.krone-nellingen.de\\\/?lang=en\\\/#website\"},\"primaryImageOfPage\":{\"@id\":\"https:\\\/\\\/www.krone-nellingen.de\\\/index.php\\\/whisky-tastings-in-nellingen#primaryimage\"},\"image\":{\"@id\":\"https:\\\/\\\/www.krone-nellingen.de\\\/index.php\\\/whisky-tastings-in-nellingen#primaryimage\"},\"thumbnailUrl\":\"https:\\\/\\\/www.krone-nellingen.de\\\/wp-content\\\/uploads\\\/2015\\\/09\\\/klinker_aktuell4-e1765834146787.jpg\",\"datePublished\":\"2015-10-15T11:54:27+00:00\",\"dateModified\":\"2025-11-25T17:31:54+00:00\",\"description\":\"Erleben Sie unvergessliche Whisky Tastings im Hotel Krone in Nellingen auf der Schw\u00e4bischen Alb. Entdecken Sie die Welt des Whiskys.\",\"breadcrumb\":{\"@id\":\"https:\\\/\\\/www.krone-nellingen.de\\\/index.php\\\/whisky-tastings-in-nellingen#breadcrumb\"},\"inLanguage\":\"de\",\"potentialAction\":[{\"@type\":\"ReadAction\",\"target\":[\"https:\\\/\\\/www.krone-nellingen.de\\\/index.php\\\/whisky-tastings-in-nellingen\"]}]},{\"@type\":\"ImageObject\",\"inLanguage\":\"de\",\"@id\":\"https:\\\/\\\/www.krone-nellingen.de\\\/index.php\\\/whisky-tastings-in-nellingen#primaryimage\",\"url\":\"https:\\\/\\\/www.krone-nellingen.de\\\/wp-content\\\/uploads\\\/2015\\\/09\\\/klinker_aktuell4-e1765834146787.jpg\",\"contentUrl\":\"https:\\\/\\\/www.krone-nellingen.de\\\/wp-content\\\/uploads\\\/2015\\\/09\\\/klinker_aktuell4-e1765834146787.jpg\",\"width\":700,\"height\":394},{\"@type\":\"BreadcrumbList\",\"@id\":\"https:\\\/\\\/www.krone-nellingen.de\\\/index.php\\\/whisky-tastings-in-nellingen#breadcrumb\",\"itemListElement\":[{\"@type\":\"ListItem\",\"position\":1,\"name\":\"Startseite\",\"item\":\"https:\\\/\\\/www.krone-nellingen.de\\\/\"},{\"@type\":\"ListItem\",\"position\":2,\"name\":\"Tastings\"}]},{\"@type\":\"WebSite\",\"@id\":\"https:\\\/\\\/www.krone-nellingen.de\\\/?lang=en\\\/#website\",\"url\":\"https:\\\/\\\/www.krone-nellingen.de\\\/?lang=en\\\/\",\"name\":\"Hotel Krone Nellingen\",\"description\":\"Hotel Krone\",\"publisher\":{\"@id\":\"https:\\\/\\\/www.krone-nellingen.de\\\/?lang=en\\\/#organization\"},\"potentialAction\":[{\"@type\":\"SearchAction\",\"target\":{\"@type\":\"EntryPoint\",\"urlTemplate\":\"https:\\\/\\\/www.krone-nellingen.de\\\/?lang=en\\\/?s={search_term_string}\"},\"query-input\":{\"@type\":\"PropertyValueSpecification\",\"valueRequired\":true,\"valueName\":\"search_term_string\"}}],\"inLanguage\":\"de\"},{\"@type\":\"Organization\",\"@id\":\"https:\\\/\\\/www.krone-nellingen.de\\\/?lang=en\\\/#organization\",\"name\":\"Hotel Krone\",\"url\":\"https:\\\/\\\/www.krone-nellingen.de\\\/?lang=en\\\/\",\"logo\":{\"@type\":\"ImageObject\",\"inLanguage\":\"de\",\"@id\":\"https:\\\/\\\/www.krone-nellingen.de\\\/?lang=en\\\/#\\\/schema\\\/logo\\\/image\\\/\",\"url\":\"https:\\\/\\\/www.krone-nellingen.de\\\/wp-content\\\/uploads\\\/logo-hotel-krone-neu.png\",\"contentUrl\":\"https:\\\/\\\/www.krone-nellingen.de\\\/wp-content\\\/uploads\\\/logo-hotel-krone-neu.png\",\"width\":585,\"height\":416,\"caption\":\"Hotel Krone\"},\"image\":{\"@id\":\"https:\\\/\\\/www.krone-nellingen.de\\\/?lang=en\\\/#\\\/schema\\\/logo\\\/image\\\/\"}}]}<\/script>\n<!-- \/ Yoast SEO plugin. -->","yoast_head_json":{"title":"Whisky Tastings Nellingen bei Ulm - Erleben Sie edle Spirituosen","description":"Erleben Sie unvergessliche Whisky Tastings im Hotel Krone in Nellingen auf der Schw\u00e4bischen Alb. Entdecken Sie die Welt des Whiskys.","robots":{"index":"index","follow":"follow","max-snippet":"max-snippet:-1","max-image-preview":"max-image-preview:large","max-video-preview":"max-video-preview:-1"},"canonical":"https:\/\/www.krone-nellingen.de\/index.php\/whisky-tastings-in-nellingen","og_locale":"de_DE","og_type":"article","og_title":"Whisky Tastings Nellingen bei Ulm - Erleben Sie edle Spirituosen","og_description":"Erleben Sie unvergessliche Whisky Tastings im Hotel Krone in Nellingen auf der Schw\u00e4bischen Alb. Entdecken Sie die Welt des Whiskys.","og_url":"https:\/\/www.krone-nellingen.de\/index.php\/whisky-tastings-in-nellingen","og_site_name":"Hotel Krone Nellingen","article_modified_time":"2025-11-25T17:31:54+00:00","og_image":[{"width":960,"height":540,"url":"https:\/\/www.krone-nellingen.de\/wp-content\/uploads\/2015\/09\/klinker_aktuell4.jpg","type":"image\/jpeg"}],"twitter_card":"summary_large_image","twitter_misc":{"Gesch\u00e4tzte Lesezeit":"2\u00a0Minuten"},"schema":{"@context":"https:\/\/schema.org","@graph":[{"@type":"WebPage","@id":"https:\/\/www.krone-nellingen.de\/index.php\/whisky-tastings-in-nellingen","url":"https:\/\/www.krone-nellingen.de\/index.php\/whisky-tastings-in-nellingen","name":"Whisky Tastings Nellingen bei Ulm - Erleben Sie edle Spirituosen","isPartOf":{"@id":"https:\/\/www.krone-nellingen.de\/?lang=en\/#website"},"primaryImageOfPage":{"@id":"https:\/\/www.krone-nellingen.de\/index.php\/whisky-tastings-in-nellingen#primaryimage"},"image":{"@id":"https:\/\/www.krone-nellingen.de\/index.php\/whisky-tastings-in-nellingen#primaryimage"},"thumbnailUrl":"https:\/\/www.krone-nellingen.de\/wp-content\/uploads\/2015\/09\/klinker_aktuell4-e1765834146787.jpg","datePublished":"2015-10-15T11:54:27+00:00","dateModified":"2025-11-25T17:31:54+00:00","description":"Erleben Sie unvergessliche Whisky Tastings im Hotel Krone in Nellingen auf der Schw\u00e4bischen Alb. Entdecken Sie die Welt des Whiskys.","breadcrumb":{"@id":"https:\/\/www.krone-nellingen.de\/index.php\/whisky-tastings-in-nellingen#breadcrumb"},"inLanguage":"de","potentialAction":[{"@type":"ReadAction","target":["https:\/\/www.krone-nellingen.de\/index.php\/whisky-tastings-in-nellingen"]}]},{"@type":"ImageObject","inLanguage":"de","@id":"https:\/\/www.krone-nellingen.de\/index.php\/whisky-tastings-in-nellingen#primaryimage","url":"https:\/\/www.krone-nellingen.de\/wp-content\/uploads\/2015\/09\/klinker_aktuell4-e1765834146787.jpg","contentUrl":"https:\/\/www.krone-nellingen.de\/wp-content\/uploads\/2015\/09\/klinker_aktuell4-e1765834146787.jpg","width":700,"height":394},{"@type":"BreadcrumbList","@id":"https:\/\/www.krone-nellingen.de\/index.php\/whisky-tastings-in-nellingen#breadcrumb","itemListElement":[{"@type":"ListItem","position":1,"name":"Startseite","item":"https:\/\/www.krone-nellingen.de\/"},{"@type":"ListItem","position":2,"name":"Tastings"}]},{"@type":"WebSite","@id":"https:\/\/www.krone-nellingen.de\/?lang=en\/#website","url":"https:\/\/www.krone-nellingen.de\/?lang=en\/","name":"Hotel Krone Nellingen","description":"Hotel Krone","publisher":{"@id":"https:\/\/www.krone-nellingen.de\/?lang=en\/#organization"},"potentialAction":[{"@type":"SearchAction","target":{"@type":"EntryPoint","urlTemplate":"https:\/\/www.krone-nellingen.de\/?lang=en\/?s={search_term_string}"},"query-input":{"@type":"PropertyValueSpecification","valueRequired":true,"valueName":"search_term_string"}}],"inLanguage":"de"},{"@type":"Organization","@id":"https:\/\/www.krone-nellingen.de\/?lang=en\/#organization","name":"Hotel Krone","url":"https:\/\/www.krone-nellingen.de\/?lang=en\/","logo":{"@type":"ImageObject","inLanguage":"de","@id":"https:\/\/www.krone-nellingen.de\/?lang=en\/#\/schema\/logo\/image\/","url":"https:\/\/www.krone-nellingen.de\/wp-content\/uploads\/logo-hotel-krone-neu.png","contentUrl":"https:\/\/www.krone-nellingen.de\/wp-content\/uploads\/logo-hotel-krone-neu.png","width":585,"height":416,"caption":"Hotel Krone"},"image":{"@id":"https:\/\/www.krone-nellingen.de\/?lang=en\/#\/schema\/logo\/image\/"}}]}},"_links":{"self":[{"href":"https:\/\/www.krone-nellingen.de\/index.php\/wp-json\/wp\/v2\/pages\/430","targetHints":{"allow":["GET"]}}],"collection":[{"href":"https:\/\/www.krone-nellingen.de\/index.php\/wp-json\/wp\/v2\/pages"}],"about":[{"href":"https:\/\/www.krone-nellingen.de\/index.php\/wp-json\/wp\/v2\/types\/page"}],"author":[{"embeddable":true,"href":"https:\/\/www.krone-nellingen.de\/index.php\/wp-json\/wp\/v2\/users\/1"}],"replies":[{"embeddable":true,"href":"https:\/\/www.krone-nellingen.de\/index.php\/wp-json\/wp\/v2\/comments?post=430"}],"version-history":[{"count":187,"href":"https:\/\/www.krone-nellingen.de\/index.php\/wp-json\/wp\/v2\/pages\/430\/revisions"}],"predecessor-version":[{"id":2185,"href":"https:\/\/www.krone-nellingen.de\/index.php\/wp-json\/wp\/v2\/pages\/430\/revisions\/2185"}],"wp:featuredmedia":[{"embeddable":true,"href":"https:\/\/www.krone-nellingen.de\/index.php\/wp-json\/wp\/v2\/media\/116"}],"wp:attachment":[{"href":"https:\/\/www.krone-nellingen.de\/index.php\/wp-json\/wp\/v2\/media?parent=430"}],"curies":[{"name":"wp","href":"https:\/\/api.w.org\/{rel}","templated":true}]}}